-2) + 10/(-20). Let t be (-2 + i)*(9 + -8). What is the greatest common factor of 60 and t?
20
Suppose -4*j = 3*t - 60, 5*t + 4*j - 49 - 43 = 0. Let f = 28 - 24. Let p be (-4 + 4 + 2 - 0)*f. Calculate the greatest common divisor of p and t.
8
Suppose -36*l + 1043 = -29*l. Let g = l + -98. Calculate the highest common divisor of g and 459.
51
Let m be 14*((-6)/(-4) - -2). Suppose v = 0, -4*v + 205 = 2*k + 3*k. Let d = m - k. What is the highest common factor of 96 and d?
8
Suppose 8 - 9 = b. Let w be (-320)/(-6)*(14/10 - b). Suppose -w = -5*d + 312. What is the greatest common factor of d and 8?
8
Let r be 462/55*((-42)/(-4) + 2). Let u(d) = d**3 + 36*d**2 + 58*d + 10. Let v be u(-34). Calculate the greatest common factor of r and v.
35
Let z = 384 - 219. Suppose -u = 4, 9*c - 22 = 7*c + 4*u. Let n be z/22*c*2. Calculate the highest common factor of 18 and n.
9
Let w = -65 + 63. Let m be 130 + (2 + w)/1. What is the greatest common divisor of m and 20?
10
Let a(u) be the first derivative of -u**4/4 + 4*u**3/3 + 15*u**2/2 + 18*u - 154. Let p be a(-5). What is the highest common factor of p and 42?
42
Let n(a) = 14*a - 53. Let h be n(21). Let k = -85 + h. What is the highest common factor of 24 and k?
12
Let n = 6184 - 5257. Calculate the greatest common divisor of n and 721.
103
Let i(f) = -f**2 + 15*f - 60. Let s be i(8). Let h be -18*(14/s)/1. What is the highest common divisor of h and 14?
7
Let n(k) = -12*k - 228. Let f be n(-19). Suppose -50*h + 9*h + 5535 = f. What is the greatest common divisor of 54 and h?
27
Suppose 0 = c + 250 - 529. Let g = c - -91. What is the greatest common divisor of g and 10?
10
Let j be 1393/(-199) + 150 + 0. What is the greatest common factor of 12870 and j?
143
Let t = 20547 + -1539. Calculate the highest common factor of 72 and t.
72
Suppose -6*h + 4*h = -10, 4*q + h = 2541. Suppose 637*l - 726 = q*l. Calculate the greatest common factor of l and 44.
22
Let d = 11019 + -5770. What is the greatest common divisor of 58 and d?
29
Let y be -4 + (4 - 2) + -8. Let h be (-3*2)/(7/(245/y)). Suppose -h*p - 96 = -25*p. What is the greatest common divisor of p and 60?
12
Let n = 14603 - 14567. Suppose -2*r - 186 = -3*v - r, -2*r = -v + 57. Calculate the highest common divisor of n and v.
9
Let k(g) = -364*g - 1088. Let d be k(-23). Calculate the highest common divisor of d and 36.
12
Suppose 0 = 61*a - 390 - 2355. What is the highest common divisor of 3969 and a?
9
Suppose 400*t = -1013*t + 7065. Let g(a) = -52*a + 8. Let i be g(-6). What is the greatest common divisor of t and i?
5
Let a = 487 + -489. Let i be (264/(-55))/(a*(-6)/(-160)). What is the highest common divisor of 272 and i?
16
Let y(u) be the first derivative of u**4 + 37*u**3/3 + 4*u**2 - 2*u + 131. Let g be y(-6). Calculate the greatest common divisor of g and 22.
22
Let x be (8 - -4)*(-2 - (-28)/12). Suppose 0 = o - x*p - 237, 4*o + 3*p - 265 = 3*o. Calculate the highest common factor of 11 and o.
11
Let m(c) be the third derivative of c**5/10 + 7*c**4/24 + 13*c**3/2 + 9*c**2 - 11*c. Let r be m(9). Calculate the greatest common factor of r and 24.
12
Let u be ((-16)/5)/(2/(-15)). Suppose 53*a = 56*a - 15. Let j(x) = x**3 + 6*x**2 - 19*x - 12. Let b be j(a). What is the highest common factor of u and b?
24
Let a be -180*(-13)/(-26)*(-16)/5. What is the greatest common factor of a and 180?
36
Let n(u) = 3*u**2 - 36*u - 47. Let j be n(19). Suppose 0 = -5*d - 2 + j. Suppose -35 = -8*p + 3*p. What is the greatest common factor of d and p?
7
Let m = 16 - -4. Let f(c) = -c + 1. Let i(p) = -6*p**2 - 4*p - 7. Let u(s) = -f(s) - i(s). Let n be u(-2). Calculate the highest common divisor of m and n.
20
Suppose 9*q = -3*q. Suppose -26*b + 23*b + 51 = q. Calculate the highest common divisor of 51 and b.
17
Let x be 0 + 2 + 68 + (-28 + 21 - -1). Suppose -5*d + 2*q = -234, q = 4*d + 2*q - 195. Calculate the greatest common factor of d and x.
16
Let c = -6 + 71. Let v = -140 - -142. Suppose -4*z = -3*m - 64, z - 14 = v*m + 7. What is the highest common divisor of z and c?
13
Let h = -80 + 46. Let d be (h/10 + 1)/(5/(-25)). Suppose -3*l + d = 0, -z - 4*l + 24 = -41. Calculate the highest common factor of z and 7.
7
Suppose 11*j - 662 - 3078 = 0. What is the greatest common divisor of 80 and j?
20
Let c(w) = 9*w**2 - 29*w + 229. Let k be c(18). What is the highest common divisor of 61 and k?
61
Let c be (1192/16)/(1/(-2)). Let k = -138 - c. Suppose -147 - 128 = -5*t. What is the greatest common divisor of k and t?
11
Let u be (-12)/(-1)*((1156/(-2))/(-2) + -5). Calculate the highest common divisor of u and 16.
16
Let w = 25996 + -25972. Calculate the highest common divisor of 888 and w.
24
Suppose -40*j + 18*j = 20*j - 38640. What is the highest common factor of 2162 and j?
46
Suppose 4*t - 77 = -d, 3*d - 80*t - 299 = -75*t. What is the highest common divisor of d and 7967?
31
Let f(k) = -1368*k + 462. Let l be f(-1). What is the highest common divisor of l and 5307?
183
Let c = -6258 - -6348. Calculate the highest common factor of 468 and c.
18
Let l be (-6)/18 + 634/(-6). Let k be 1 + (-20)/16 + l/(-8). Calculate the greatest common divisor of 1 and k.
1
Let u be 42483/15 - 2/10. What is the greatest common divisor of u and 59?
59
Let l(j) = -549*j + 10697. Let p be l(19). Calculate the greatest common factor of p and 2226.
14
Let s = 10977 - 9238. What is the highest common factor of s and 141?
47
Let z be 4 - ((-454)/4)/(25/50). Suppose -9*s + 4004 = 4*s. What is the greatest common divisor of s and z?
77
Let n(o) = -23*o**3 - 5*o**2 - 6*o - 2. Let l be n(-1). Suppose l*i = -17*i + 1404. What is the highest common factor of 135 and i?
9
Let x = 2958 - 399. What is the greatest common divisor of 3 and x?
3
Suppose 2*v - 2*p = 4543 + 3427, -15952 = -4*v - 2*p. What is the greatest common factor of v and 9?
9
Suppose 0 = g - 3 + 1. Suppose 4*o = -v + 5*o + 14, -5*o = -v + g. Suppose 6*s + 1056 = v*s. Calculate the greatest common factor of s and 6.
6
Let t(w) = 13*w**2 + w - 18. Let d(y) = -17*y**2 - 2*y + 19. Let i(q) = 3*d(q) + 4*t(q). Let h be i(-10). Calculate the highest common divisor of h and 90.
15
Let g be (216/(-60) - -4)/((-2)/(-350)). Let h = g + -7. Calculate the highest common factor of h and 273.
21
Let r be (-5 - -43)/(1 - ((-26)/(-6) + -4)). What is the highest common factor of r and 9519?
57
Let x = 8 - 26. Let n = 28 + x. Let r be ((-110)/6)/(47/(-282)). What is the highest common divisor of r and n?
10
Suppose -5*a = 2*k - 34, 2*a + 55 = 7*a - 5*k. Suppose -a*j + 462 = -258. Calculate the highest common factor of 30 and j.
30
Suppose 12*o - 74 = 58. Suppose -o*p + 208 = -826. Let r be 5/(-5)*(1 + p*-2). Calculate the highest common divisor of r and 17.
17
Suppose -219 = -5*v + 3*h, 0 = -3*v + 114*h - 109*h + 125. Calculate the highest common factor of 7560 and v.
45
Suppose -10966 + 1863 - 103505 = -69*f. What is the highest common divisor of f and 1248?
96
Let b(y) = 116*y**2 + 4*y - 1. Let p = 605 + -607. Let u be b(p). Calculate the greatest common factor of u and 13.
13
Suppose -3*y - 187 + 727 = 0. Let v = 439 - 430. What is the greatest common divisor of v and y?
9
Suppose 4*t - 5*m - 33 = 63, -3*t - 4*m + 41 = 0. Let x be (t + -19)/((-1)/(-1)). Suppose x = 14*q - 6*q - 32. What is the highest common factor of 44 and q?
4
Let b = -21697 + 21745. What is the highest common factor of b and 39?
3
Let s(d) = d - 2. Let c be s(4). Suppose c*t = -0*t + 2. What is the highest common divisor of 18 and t?
1
Suppose -98*v + 26500 = -78*v. What is the highest common factor of v and 25?
25
Let h(o) = -18*o + 41. Let n be h(2). Suppose 3*y = -9, -51 - 9 = -t - n*y. What is the highest common factor of 100 and t?
25
Let x(q) = -46 - 6*q**3 - 21*q**2 + 5*q**3 - 63*q + 47*q**2. Let o be x(21). What is the highest common divisor of 44 and o?
44
Suppose -3*c = 5*c - 216. Let a be (-1)/((-153)/(-1020)*(-2)/162). What is the highest common factor of a and c?
27
Let k(d) = -133*d + 301. Let s be k(7). Let h = s + 729. Calculate the greatest common factor of 108 and h.
9
Let p = -14027 + 17359. Calculate the highest common divisor of p and 68.
68
Suppose -12*u + 43 + 221 = 0. Let k(h) = 2*h**3 - 2*h**2 - 2*h + 7. Let b be (-1)/(1 - 2)*2. Let o be k(b). What is 